(p) = -8*p + p**3 + 3*p - 9*p**2 + o*p**3 + 10 + 15*p**2. Suppose 0 = 4*k + a + 25, 4*k = -a + 4*a - 37. Calculate u(k).
-4
Let u(h) be the third derivative of -17*h**6/40 + h**5/60 - 1102*h**2. Determine u(1).
-50
Let o(r) be the third derivative of r**5/60 + r**4/3 - 8*r**3/3 - r**2 + 979. Give o(-7).
-23
Let g(y) = -3*y - 22. Let b(d) = -d**3 + 20*d**2 + 23*d - 38. Let w be b(21). Calculate g(w).
-34
Let x(b) = 2*b + 48. Let k be x(-19). Suppose -2*z + 3*z = w + k, 5*z = -3*w + 18. Let c(q) = -z*q - 20 + 2*q + 12 + q**2. Give c(6).
4
Let b(z) = 14*z + 29. Let p be b(12). Suppose -14*k - p + 57 = 0. Let y(v) be the first derivative of v**4/4 + 11*v**3/3 + 6*v**2 + 14*v - 1. What is y(k)?
-6
Let z(s) be the third derivative of -s**6/120 - s**5/10 - 5*s**4/24 - s**3/6 - 88*s**2 - 2*s - 9. Suppose 3*k - 2*r = -22, -16 = 3*k - 3*r + 8. Give z(k).
29
Suppose 92*q = 83*q + 18. Let a(f) = 10*f**2 + f**q - 16*f**2 + f + 1 + f**3 - 4 + 9*f**2. Calculate a(-3).
3
Suppose 0 = -4*v + 3*t + 24, -5*v - 392*t + 390*t - 39 = 0. Let o(d) = 2*d + 7. Let a(p) = -2*p - 6. Let k(n) = 5*a(n) + 4*o(n). Determine k(v).
4
Let t(u) = 6*u**2 + 124*u - 25. Let s be t(-21). Let w(q) = q**3 - 17*q**2 + 3*q - 30. What is w(s)?
21
Let v be -413 + (-6 + 6)/9. Let o = v + 415. Let r(z) = -19*z - 1. What is r(o)?
-39
Let q(p) be the second derivative of -4 + 3*p - 4/3*p**3 - 9/2*p**2 + 1/12*p**4. Calculate q(8).
-9
Let d(q) be the third derivative of -q**6/120 - q**5/3 - 19*q**4/24 - 2*q**3/3 - q**2 - 290. Determine d(-19).
-4
Let i(m) = 13*m**2 - 11861 - 2*m**3 + 5936 + 5971 + m**3 + 8*m. Determine i(14).
-38
Let o(z) = 1 - 3*z**2 + 14*z**2 + 0*z**2 + 3*z + z**2. Let j = -431 + 429. Calculate o(j).
43
Let t(n) = 8 + 5*n**2 - 4*n + n**3 - 4*n - 5*n. Suppose -3*q = -4*w + 6106 - 6128, w - 3 = 5*q. Determine t(w).
1
Let x(s) = 2*s**3 - 6*s**2 + s - 5. Let w(r) = -5*r**3 + 18*r**2 - 3*r + 14. Let b(c) = -3*w(c) - 8*x(c). Let f = -2885 + 2879. Calculate b(f).
-8
Suppose -244 - 294 = 49*k - 293. Let l(u) = -u**2 + 61*u + 323. What is l(k)?
-7
Let a(s) = 11*s + 64. Let i be a(-6). Suppose c - 7 + 1 = 0. Let l(u) = 3*u**2 - 2*u**2 + 4 - u**3 - c - 2*u**2. Determine l(i).
2
Let l(h) be the third derivative of h**6/120 + h**5/20 - h**4/24 - h**3 - 369*h**2 + 4. Calculate l(0).
-6
Let b = 1 + 4. Let m(g) = -12 + 5 + b - g + g**2. What is m(-2)?
4
Let g(a) be the second derivative of 1/6*a**3 - 208*a + 0 + 3/2*a**2. Give g(-6).
-3
Let r(p) be the third derivative of p**5/15 - 13*p**4/6 + 19*p**3/6 + 2*p**2 + 145. What is r(13)?
19
Let z(a) be the first derivative of 13*a**2/2 + 3*a + 1091. What is z(-2)?
-23
Suppose -4*o = 3*v + 25, -5*o - 3*v = -3*o + 5. Let s(n) = 3*n + 20. Calculate s(o).
-10
Let b(g) be the second derivative of g**4/12 - 17*g**3/6 + 79*g**2/2 - 489*g. Determine b(7).
9
Suppose 5*q - 8 = -2*v, -v - v - 4*q = -6. Let s(a) be the first derivative of 455 + 1/3*a**3 + 1/4*a**4 - a - 1/2*a**2. Calculate s(v).
0
Suppose -744 = -7*h - 919. Let w(g) = g**2 + 24*g - 36. Calculate w(h).
-11
Let v(d) = -d + 7. Suppose -c + 102 = 4*u + c, 3*u + 2*c - 75 = 0. Let w be ((-9)/u)/(682/342 + -2). Let x = -47 + w. Give v(x).
-3
Let b(h) be the first derivative of h**4/4 + 17*h**3/3 - 9*h**2 + 7*h + 967. Calculate b(-18).
7
Let p(n) be the second derivative of n**4/12 + n**3 - 7*n**2/2 - 528*n. Determine p(1).
0
Let b(d) = -18*d - 7. Let j(q) = -26*q - 8. Let n(t) = 3*b(t) - 2*j(t). Calculate n(-5).
5
Let o(c) = 2*c**2 + 3*c + 3. Let s be o(-2). Let t(m) = 14*m - 4*m - 8*m - 3*m - s*m. Calculate t(1).
-6
Let z(y) be the third derivative of -y**5/60 - y**4/3 + 17*y**3/6 + 2072*y**2 + 2*y. What is z(-11)?
-16
Let i(f) = -f**3 - 9*f**2 + 26*f + 8. Let z = 12317 - 12328. Calculate i(z).
-36
Let f(j) = 3*j**2 - 122*j - 172. Let q be 11 + -31 - (-61 + -1). Determine f(q).
-4
Let m be (-2)/(-2) + (-24 - -171). Let x = m + -152. Let n(o) = -3*o - 4. Give n(x).
8
Let g(r) be the first derivative of -3*r**3 - 20*r**2 + 21*r + 6010. Determine g(-5).
-4
Let j(f) = -f + 2 - 2*f**3 - 2*f**3 - 12*f**2 - 6 - 5*f. Let i(n) = n**3 + n**2 - n + 1. Let c(o) = -3*i(o) - j(o). Determine c(-8).
-7
Let q = -41/372 - -103/372. Let w(a) be the second derivative of -1/2*a**2 + 0 - 3/4*a**4 + 2*a - q*a**3. Calculate w(-1).
-9
Let z(t) = 7*t**3 + 3*t**2 + 2*t. Let b(s) = s**3. Let v(r) = -6*b(r) + z(r). Suppose -100*d - 7 = -96*d + 5. Calculate v(d).
-6
Let p(d) = 5*d + 2. Let o be 1584/(-77) + 3/(-7). Let s = -12 - o. Let q be (2/(-5))/(s/(-90)). Calculate p(q).
22
Suppose -44 = -2*b + 4*t, 4*b + 285*t = 288*t + 63. Let l(h) be the first derivative of h**3/3 - 6*h**2 - 8*h - 2. Determine l(b).
-8
Let z(u) = 2*u**2 + 19*u - 36. Let t be 220/44*(2/(-10) + -2). What is z(t)?
-3
Let b(w) = -3*w**2 + w - 9. Let d(l) = -2*l**2 - 5. Let s be (43 - 1)*(-76)/57. Let y = s + 61. Let i(m) = y*d(m) - 3*b(m). What is i(-4)?
-2
Suppose -z = -5*z + 124. Suppose -4*c - 11 = -z. Let p(x) = 3*x - 5*x + 4*x + 1 + c*x. Calculate p(-2).
-13
Let j be ((3848/39)/37)/((-16)/(-72)). Let r(s) be the third derivative of s**6/120 - s**5/5 - s**4/24 + s**3/6 - s**2. Determine r(j).
-11
Let c(n) be the first derivative of -n**5/120 + n**4/12 + 286*n**3/3 + 209. Let y(w) be the third derivative of c(w). What is y(-7)?
9
Let t(p) = p - 1. Let k(o) = -o**2 - 5*o - 2. Let y(b) = -k(b) + t(b). Suppose -13*w - 484 = -406. What is y(w)?
1
Let l(b) be the second derivative of -b**5/12 + b**4/24 - 33*b**2 + 3*b - 9. Let i(d) be the first derivative of l(d). Give i(2).
-18
Let o(u) be the third derivative of -u**9/60480 - u**7/5040 - u**6/720 - 47*u**5/60 + 6*u**2 + 1. Let r(s) be the third derivative of o(s). Calculate r(-2).
9
Let b be (0*(9 - (-208)/(-24)))/((-2)/(-1)). Let h(n) = -2*n**2 + 5*n + 36. Determine h(b).
36
Let o be 140/(-20) - (1 - 143). Let m = o - 133. Let c(t) = -t**2 + 2*t - 2. Determine c(m).
-2
Let d = -114 - -116. Let m be 18/(-90) + d/10. Let r(z) = z**2 + z + 16. What is r(m)?
16
Let f(c) = 9*c - 121. Let i(r) = r**3 - 3*r**2 + 24*r - 99. Let t be i(4). What is f(t)?
-4
Let c(l) = -72 + 291 - 347 + l. What is c(0)?
-128
Let c(h) = -h**3 + h. Let r(v) = -255*v**3 + 2*v**2 - 1. Let g be r(1). Let m = 252 + g. Determine c(m).
6
Let u(q) = -10*q + 30. Let r be 2/(-26) - (-5406)/1326. Determine u(r).
-10
Let i(o) = -5*o + 1. Let a be i(-1). Let b(m) be the first derivative of -m**3/3 + 7*m**2/2 + 2*m + 21819. Calculate b(a).
8
Let a = 223 + -185. Suppose -a + 47 = u. Let d(w) = w - 9. Give d(u).
0
Let k(m) = 18*m**2 + 40*m - 43. Let s(a) = -26*a**2 - 42*a + 48. Let i(w) = -3*k(w) - 2*s(w). Calculate i(-19).
-5
Let m be 6 + -3 + 4 + (-2 - -7). Suppose 3*w - 45 = m*w. Let x(d) = d**2 + 2*d - 1. Determine x(w).
14
Suppose a - 15 = 3*z, -a = -0*z + 2*z - 5. Suppose -27 = -3*p - 3*k, -2*p - 2*p + a = -5*k. Let t(r) = -r**3 + 4*r**2 + 6*r + 2. What is t(p)?
-34
Let p = -1682 + 1675. Let i(j) = 2*j**2 + 12*j + 2. Give i(p).
16
Suppose -4*v - 27 = -5*j, -2*j - 3 = -2*v - 5*j. Suppose -77*c + 74*c + 21 = 0. Let t(k) = -4 + 2*k - 7*k - 3*k + c*k - 9*k. Calculate t(v).
26
Let l(c) = c. Let q(y) = y**3 - y - 2. Let n(o) = 4*o**3 + 10*o**2 + 2*o + 7. Let v(f) = -n(f) + 3*q(f). Let w(g) = -4*l(g) + v(g). Give w(-9).
-13
Let n(v) = -10 + 12 - 4*v**2 + 9*v + 5*v**2. Let l(y) = -6*y + 23. Let j be l(6). Let t = j - -5. What is n(t)?
-6
Let n be 2 + 2/(4*(-6)/(-12))*0. Let q(i) = i**3 - i**2 - 8*i + 17. Give q(n).
5
Let o(j) be the second derivative of -j**4/6 + 2*j**3/3 - j**2 + j - 2233. Determine o(1).
0
Let t be 6/((-4)/12*(-27)/258). Let v(c) = 83 - t - c**2 + 87 - 7*c. Give v(-7).
-2
Let f(m) = m - 5*m**2 + 2*m**2 + 4*m**2. Let l(h) = -3*h**2 - 7*h - 1. Let q(a) = 4*f(a) + l(a). Suppose -11*u + 44 = 46*v - 21*v - 20*v, 0 = v. What is q(u)?
3
Let j = 11868 + -11890. Let m(o) = 9*o + 203. Calculate m(j).
5
Let g(b) be the second derivative of b**5/20 - 5*b**4/2 + 79*b**3/6 + 27*b**2 + 1783*b - 1. Calculate g(27).
0
Let a(j) = -4*j + 2. Let b(w) = 54*w + 2105. Let g be b(-39). Let z = 3 + 0. Let u(f) = -2*f + 1. Let t(n) = g*a(n) + z*u(n). What is t(2)?
-3
Let z(k) = -2*k**3 - 2*k**2 + 3*k + 3. Suppose 49*b = 47*b - a - 6, -5*a = 3*b + 16. Determine z(b).
5
Suppose -2*m = -1 + 11. Let k be -1 - (9/(-2) - (-45)/30). Let n(v) = -5 - 2 - 2*v + 5